multiple of 37?
True
Is 6707 a multiple of 353?
True
Does 9 divide 861?
False
Is 21 a factor of 6051?
False
Does 261 divide 46185?
False
Is 38 a factor of 342?
True
Does 9 divide 2745?
True
Does 20 divide 42830?
False
Is 26054 a multiple of 25?
False
Does 30 divide 26100?
True
Is 9 a factor of 820?
False
Is 12656 a multiple of 56?
True
Is 1211 a multiple of 11?
False
Does 88 divide 788?
False
Is 1320 a multiple of 15?
True
Does 6 divide 72?
True
Is 33 a factor of 2906?
False
Is 1169 a multiple of 7?
True
Does 43 divide 13846?
True
Does 14 divide 3345?
False
Is 2096 a multiple of 174?
False
Does 13 divide 14369?
False
Is 81 a factor of 5419?
False
Does 16 divide 11728?
True
Is 6 a factor of 13233?
False
Is 6876 a multiple of 12?
True
Does 158 divide 5846?
True
Is 425 a multiple of 25?
True
Does 22 divide 136268?
True
Is 16 a factor of 293?
False
Is 37590 a multiple of 42?
True
Is 257 a multiple of 31?
False
Does 17 divide 1003?
True
Is 26 a multiple of 16?
False
Does 2 divide 3778?
True
Does 33 divide 143847?
True
Does 16 divide 7187?
False
Is 9 a factor of 37?
False
Is 42 a factor of 15036?
True
Is 450 a multiple of 6?
True
Is 25245 a multiple of 9?
True
Is 12800 a multiple of 128?
True
Is 18 a factor of 8552?
False
Is 2 a factor of 1625?
False
Is 992 a multiple of 31?
True
Is 2 a factor of 369?
False
Does 28 divide 728?
True
Is 86654 a multiple of 59?
False
Is 285 a multiple of 13?
False
Is 108 a multiple of 9?
True
Does 28 divide 1764?
True
Is 651 a multiple of 31?
True
Is 52 a factor of 780?
True
Is 1696 a multiple of 106?
True
Does 55 divide 440?
True
Is 130 a factor of 2263?
False
Is 3544 a multiple of 95?
False
Is 372 a multiple of 4?
True
Is 128 a multiple of 32?
True
Is 348 a multiple of 87?
True
Is 97 a factor of 34726?
True
Is 98 a factor of 1666?
True
Does 23 divide 6026?
True
Is 7554 a multiple of 6?
True
Is 3448 a multiple of 45?
False
Is 1170 a multiple of 26?
True
Is 4291 a multiple of 54?
False
Is 1849 even?
False
Is 1836 a multiple of 51?
True
Is 4824 a multiple of 9?
True
Is 20 a factor of 784?
False
Is 18564 a multiple of 122?
False
Does 13 divide 33098?
True
Is 9 a factor of 11754?
True
Does 42 divide 1703?
False
Does 16 divide 706?
False
Does 188 divide 24659?
False
Is 70 a factor of 203?
False
Does 88 divide 425?
False
Is 140 a factor of 3027?
False
Does 9 divide 3951?
True
Is 2494 a multiple of 43?
True
Is 1860 a multiple of 12?
True
Is 23 a factor of 46?
True
Is 2139 a multiple of 22?
False
Does 43 divide 6063?
True
Does 55 divide 8454?
False
Is 3 a factor of 573?
True
Is 21479 a multiple of 10?
False
Is 334 a factor of 47519?
False
Is 600 a multiple of 3?
True
Does 4 divide 20?
True
Does 13 divide 455?
True
Is 145 a factor of 5365?
True
Is 12440 a multiple of 4?
True
Does 13 divide 959?
False
Does 12 divide 768?
True
Is 116 a multiple of 18?
False
Is 40 a factor of 749?
False
Is 52 a factor of 678?
False
Is 7 a factor of 2044?
True
Does 27 divide 9315?
True
Is 50 a factor of 1713?
False
Does 60 divide 1601?
False
Is 42585 a multiple of 167?
True
Is 4 a factor of 9?
False
Does 18 divide 2862?
True
Does 113 divide 3933?
False
Does 22 divide 2222?
True
Is 89 a factor of 8010?
True
Is 4 a factor of 338?
False
Does 79 divide 389?
False
Is 89 a factor of 32841?
True
Is 9 a factor of 32985?
True
Is 16 a factor of 952?
False
Is 140 a factor of 9357?
False
Does 11 divide 78286?
False
Is 17 a factor of 1659?
False
Is 6 a factor of 25?
False
Is 135 a multiple of 9?
True
Is 119 a factor of 34049?
False
Is 324 a multiple of 9?
True
Does 17 divide 6828?
False
Is 599 a multiple of 9?
False
Does 66 divide 726?
True
Does 6 divide 19926?
True
Does 81 divide 3645?
True
Is 25160 a multiple of 17?
True
Is 4 a factor of 2268?
True
Is 22218 a multiple of 31?
False
Is 450 a multiple of 20?
False
Is 14 a factor of 169596?
True
Is 135 a factor of 3780?
True
Does 15 divide 681?
False
Is 8 a factor of 6161?
False
Does 39 divide 3783?
True
Does 106 divide 9585?
False
Does 14 divide 707?
False
Is 12 a factor of 20292?
True
Is 4173 a multiple of 39?
True
Is 138143 a multiple of 217?
False
Does 90 divide 71042?
False
Is 6 a factor of 130?
False
Is 17 a factor of 1109?
False
Is 276 a multiple of 3?
True
Is 49 a factor of 2248?
False
Is 35 a factor of 1120?
True
Is 20 a factor of 3800?
True
Is 5 a factor of 8474?
False
Is 4340 a multiple of 28?
True
Is 18 a factor of 12205?
False
Does 28 divide 84?
True
Does 18 divide 15669?
False
Is 26 a factor of 13312?
True
Is 11 a factor of 875?
False
Is 91 a factor of 31850?
True
Is 5986 a multiple of 22?
False
Is 20 a factor of 9242?
False
Is 13 a factor of 3679?
True
Does 104 divide 1144?
True
Does 9 divide 2803?
False
Is 7180 a multiple of 5?
True
Is 56 a factor of 263?
False
Is 46012 a multiple of 15?
False
Is 26 a factor of 9152?
True
Is 2811 a multiple of 187?
False
Is 54761 a multiple of 81?
False
Does 84 divide 34353?
False
Is 170 even?
True
Does 58 divide 4586?
False
Is 61 a multiple of 40?
False
Does 13 divide 236?
False
Is 26 a factor of 279?
False
Is 908 a multiple of 10?
False
Does 71 divide 1961?
False
Is 6980 a multiple of 10?
True
Is 17 a factor of 1849?
False
Is 100 a factor of 80868?
False
Is 15 a factor of 3075?
True
Does 49 divide 20580?
True
Is 20 a factor of 34017?
False
Is 25 a factor of 68401?
False
Does 21 divide 1491?
True
Does 20 divide 1460?
True
Does 12 divide 4860?
True
Is 1134 a multiple of 14?
True
Is 6586 a multiple of 24?
False
Is 855 a multiple of 15?
True
Does 4 divide 232?
True
Is 6840 a multiple of 90?
True
Does 34 divide 5372?
True
Does 37 divide 2072?
True
Does 10 divide 388?
False
Does 25 divide 125?
True
Does 50 divide 9900?
True
Does 11 divide 4164?
False
Is 1193 a multiple of 72?
False
Does 10 divide 1719?
False
Does 43 divide 989?
True
Is 3 a factor of 67?
False
Does 85 divide 4615?
False
Is 8183 a multiple of 39?
False
Does 17 divide 22344?
False
Is 64 a factor of 8640?
True
Does 27 divide 882?
False
Is 11646 a multiple of 168?
False
Is 583 a multiple of 6?
False
Is 10 a factor of 10000?
True
Does 49 divide 673?
False
Is 816 a multiple of 4?
True
Is 10 a factor of 8299?
False
Is 3 a factor of 738?
True
Is 199 a factor of 90376?
False
Is 27 a factor of 675?
True
Is 31 a factor of 133?
False
Is 256 a multiple of 8?
True
Does 70 divide 1917?
False
Is 5 a factor of 96?
False
Is 765 a multiple of 15?
True
Does 9 divide 244?
False
Is 45880 a multiple of 370?
True
Does 97 divide 23765?
True
Is 13 a factor of 72179?
False
Does 20 divide 40478?
False
Does 17 divide 208?
False
Does 32 divide 44288?
True
Is 15 a factor of 163?
False
Does 17 divide 4879?
True
Is 209 a factor of 6074?
False
Is 40 a factor of 5849?
False
Is 2318 a multiple of 37?
False
Is 70 a factor of 6156?
False
Does 17 divide 549?
False
Is 11816 a multiple of 14?
True
Does 33 divide 6163?
False
Is 75318 a multiple of 40?
False
Is 459 a multiple of 27?
True
Is 12 a factor of 2772?
True
Is 27 a multiple of 3?
True
Is 138 a multiple of 19?
False
Is 21931 a multiple of 91?
True
Does 13 divide 17056?
True
Is 106 a factor of 1571?
False
Does 103 divide 5871?
True
Does 151 divide 7154?
False
Does 6 divide 1968?
True
Is 11205 a multiple of 15?
True
Is 28 a multiple of 15?
False
Is 17 a factor of 2448?
True
Is 20120 a multiple of 10?
True
Does 114 divide 124146?
True
Is 9 a factor of 413?
False
Is 12 a factor of 94?
False
Does 32 divide 120?
False
Is 58520 a multiple of 40?
True
Is 27 a factor of 2113?
False
Is 73 a factor of 4088?
True
Is 554 a multiple of 4?
False
Is 1038 a multiple of 15?
False
Is 31 a factor of 2728?
True
Is 34 a factor of 646?
True
Is 868 a multiple of 34?
False
Is 21344 a multiple of 29?
True
Is 23 a factor of 797?
False
Is 329 a multiple of 15?
False
Is 12 a factor of 540?
True
Does 4 divide 1272?
True
Does 2 divide 118?
True
Is 7219 a multiple of 9?
False
Does 14 divide 2306?
False
Does 22 divide 30782?
False
Does 9 divide 26640?
True
Is 174 a factor of 9222?
True
Is 3027 a multiple of 15?
False
Is 52 a factor of 974?
False
Is 11 a factor of 129?
False
Is 5808 a multiple of 16?
True
Is 1399 a multiple of 96?
False
Is 1790 even?
True
Does 10 divide 550?
True
Does 2 divide 98?
True
Does 40 divide 2174?
False
Does 41 divide 1435?
True
Does 41 divide 2214?
True
Does 10 divide 127652?
False
Does 